+ 511?
513
In base 3, what is 1 + -20002202?
-20002201
In base 5, what is 141 - -34?
230
In base 16, what is -1ad + -2?
-1af
In base 14, what is -ad - 31?
-100
In base 13, what is -c - -2b?
1c
In base 14, what is 1 - 21?
-20
In base 2, what is -1001010111 + 1?
-1001010110
In base 5, what is -3411 + 1?
-3410
In base 10, what is 166 - 22?
144
In base 6, what is -15302 - -11?
-15251
In base 3, what is -110 + -2000001?
-2000111
In base 11, what is -4 + 273?
26a
In base 8, what is -23237 - 4?
-23243
In base 16, what is 19a5 + -4?
19a1
In base 3, what is 2 - -11112?
11121
In base 3, what is -1000 - 2102?
-10102
In base 3, what is -102 - 220?
-1022
In base 2, what is -10001110 - -110100?
-1011010
In base 10, what is -8 - -7?
-1
In base 16, what is -5 - -4dd?
4d8
In base 4, what is 102 - 202?
-100
In base 16, what is -4cc + 5?
-4c7
In base 5, what is 1212 - -10?
1222
In base 8, what is 1 - -464?
465
In base 14, what is 2 - -7?
9
In base 7, what is 1 - 112?
-111
In base 10, what is -2 + 30?
28
In base 5, what is -13334 - 20?
-13404
In base 2, what is -10010110000 - -1?
-10010101111
In base 2, what is -110 + 111010100001?
111010011011
In base 6, what is -10 - -10?
0
In base 13, what is 68c - 1?
68b
In base 8, what is 13 - 10?
3
In base 15, what is 4 - -9?
d
In base 8, what is 12753 + 0?
12753
In base 16, what is -5 + -4d6?
-4db
In base 10, what is 1768 - -2?
1770
In base 11, what is 3a2 - -4?
3a6
In base 15, what is 87 + -13c?
-a5
In base 7, what is 113 - -1?
114
In base 4, what is 0 + -110021?
-110021
In base 16, what is 95a - -3?
95d
In base 7, what is -5 - -662?
654
In base 7, what is 12 - -1126?
1141
In base 10, what is -2 + -816?
-818
In base 2, what is -111111110 + 0?
-111111110
In base 2, what is -10 - 1011001001?
-1011001011
In base 5, what is 33 + 100?
133
In base 4, what is 10103330 + -1?
10103323
In base 14, what is 1 - 37?
-36
In base 6, what is 143442 - -4?
143450
In base 10, what is -6 - 3135?
-3141
In base 8, what is 5 - 3336?
-3331
In base 6, what is -4 - -1451?
1443
In base 10, what is 34707 - 1?
34706
In base 11, what is 82 + -9?
74
In base 7, what is -213 + 2?
-211
In base 16, what is -1d - -43?
26
In base 5, what is 430412 - -2?
430414
In base 9, what is 75 - -306?
382
In base 16, what is 276 + 4?
27a
In base 4, what is -3200 + 20?
-3120
In base 8, what is -3 + 152?
147
In base 2, what is -10000011 + -10111?
-10011010
In base 16, what is -4 + -6f?
-73
In base 16, what is 2 + 6a?
6c
In base 8, what is 1 - 40?
-37
In base 11, what is -944 + -4?
-948
In base 3, what is -2 + -1111000?
-1111002
In base 10, what is 201 + 12?
213
In base 14, what is -26a9 + -1?
-26aa
In base 2, what is 11111 - -100100?
1000011
In base 12, what is 63 - -5?
68
In base 4, what is 201311 - -1?
201312
In base 16, what is -5 + -1ca?
-1cf
In base 15, what is -4 - -5a?
56
In base 13, what is 3 + 3?
6
In base 9, what is -7 - 178?
-186
In base 6, what is -1003 + 2?
-1001
In base 4, what is 10131 - 3?
10122
In base 6, what is -344 - 5?
-353
In base 2, what is -110111011 + -1110?
-111001001
In base 9, what is 0 - -502?
502
In base 11, what is 2a7 - 0?
2a7
In base 11, what is 32 - -1?
33
In base 14, what is -5d - -15?
-48
In base 9, what is 10 - -21?
31
In base 16, what is -3 - -25bf?
25bc
In base 4, what is -33032 + 0?
-33032
In base 12, what is 19 + -203?
-1a6
In base 4, what is 10033 + -3?
10030
In base 14, what is -2a + b?
-1d
In base 16, what is 145 - 2?
143
In base 6, what is 23124 - -5?
23133
In base 13, what is -2 - 41?
-43
In base 6, what is 32 + 10?
42
In base 9, what is -5 + -71?
-76
In base 3, what is -111 + 22211?
22100
In base 3, what is 0 + 10011?
10011
In base 10, what is -574 - -8?
-566
In base 2, what is -10010110 - -11000?
-1111110
In base 8, what is -7 - -200?
171
In base 7, what is -336 + -5?
-344
In base 14, what is -26 + 26?
0
In base 8, what is 4 - 11?
-5
In base 13, what is 2 + -10?
-b
In base 15, what is 6 - -79?
80
In base 11, what is -1 + -75?
-76
In base 6, what is 53 + 1?
54
In base 12, what is -10b + 4?
-107
In base 4, what is -112 - -33?
-13
In base 7, what is -1 - 420?
-421
In base 15, what is 2 + b8?
ba
In base 15, what is 4 - -3?
7
In base 7, what is -121 + -44?
-165
In base 3, what is 1 - 12022?
-12021
In base 6, what is 4 + 2113?
2121
In base 14, what is 132 + 0?
132
In base 14, what is 5 + -21d?
-218
In base 5, what is 240332 + 10?
240342
In base 2, what is -101 + -111101111?
-111110100
In base 6, what is -54 - 40?
-134
In base 10, what is 958 - -2?
960
In base 11, what is 3196 - 1?
3195
In base 10, what is 9 - 333?
-324
In base 5, what is 4 - 3134?
-3130
In base 11, what is 3 - -39?
41
In base 16, what is d + -1c?
-f
In base 3, what is 21122 - -20?
21212
In base 10, what is -2 - 51?
-53
In base 4, what is -2012 - 13?
-2031
In base 9, what is -16 + -7?
-24
In base 9, what is -314 + 6?
-307
In base 7, what is -50 + 12?
-35
In base 2, what is 1 + -100100111?
-100100110
In base 7, what is 4 + 6?
13
In base 13, what is 156 + 7?
160
In base 16, what is 13 + -28?
-15
In base 6, what is 54 - 21?
33
In base 6, what is 45 + -34?
11
In base 14, what is 1 - -2b9?
2ba
In base 9, what is -2 + 217?
215
In base 11, what is 1 + -14?
-13
In base 8, what is -13 + -522?
-535
In base 8, what is 2 + -3?
-1
In base 12, what is -8b0 + -2?
-8b2
In base 7, what is -66 + 3?
-63
In base 16, what is ab + -1?
aa
In base 2, what is -100 + 1110100111?
1110100011
In base 6, what is 2 - 114?
-112
In base 4, what is -322 + -1?
-323
In base 13, what is 7524 - 0?
7524
In base 12, what is 2 + 34?
36
In base 11, what is -2 - 58?
-5a
In base 10, what is 4 + 366?
370
In base 2, what is 1110101000111 + -100?
1110101000011
In base 6, what is -3 + -454?
-501
In base 11, what is 25 - 4?
21
In base 10, what is -19 + -518?
-537
In base 5, what is -10124 + -1?
-10130
In base 5, what is -421 + 14?
-402
In base 10, what is 122 + 8?
130
In base 9, what is -4026 + 0?
-4026
In base 7, what is -6 - -250?
241
In base 15, what is -2 - 143d?
-1440
In base 6, what is 30512 - 2?
30510
In base 9, what is 4 - 72?
-67
In base 16, what is 280 + -7?
279
In base 13, what is 2 - 598?
-596
In base 5, what is -2302 + 34?
-2213
In base 5, what is 2 + 224?
231
In base 9, what is 536 - -3?
540
In base 8, what is 1 + -2101?
-2100
In base 4, what is -21333 + -13?
-22012
In base 14, what is 18 + -9a?
-82
In base 7, what is -3420 + 1?
-3416
In base 2, what is -11 + -11001?
-11100
In base 6, what is 3 - 23?
-20
In base 10, what is 51 - 24?
27
In base 12, what is -5 - 108?
-111
In base 15, what is -9dc + -3?
-9e0
In base 3, what is -12 - -10221?
10202
In base 7, what is 43 + 2?
45
In base 4, what is 11132 + -2?
11130
In base 13, what is 9b1 + -2?
9ac
In base 6, what is 3222 - -25?
3251
In base 11, what is 4 + -1?
3
In base 11, what is -20 - 1?
-21
In base 6, what is 2 - -2422?
2424
In base 14, what is 2 + -431?
-42d
In base 2, what is -10100110 - -101?
-10100001
In base 11, what is -22 - -6?
-17
In base 7, what is 566 + -23?
543
In base 11, what is -2a + -782?
-801
In base 11, what is 383 + -3?
380
In base 3, what is 1 + 1100?
1101
In base 9, what is 4 + -286?
-282
In base 6, what is 4 - 13240?
-13232
In base 2, what is -111100101100000 + 101?
-111100101011011
In base 4, what is 30320 + 30?
31010
In base 11, what is -2 - 21?
-23
In base 12, what is -230 - -1?
-22b
In base 9, what is -3 - -23?
20
In base 2, what is 101001111 + -110011?
100011100
In base 15, what is b + -23?
-17
In base 8, what is -773 + -10?
-1003
In base 9, what is -32 + -4?
-36
In base 12, what is -5aa - 0?
-5aa
In base 4, what is 12 + -3?
3
In base 14, what is 22 + 11?
33
In base 15, what is 4a - 4?
46
In base 10, what is -7 + -28?
-35
In base 2, what is 100101101011 + -100?
100101100111
In base 6, what is -3 + -100?
-103
In base 14, what is -10 + -215?
-225
In base 8, what is -712 - -2?
-710
In base 12, what is -33 + 2b?
-4
In base 14, what is 23 + 16?
39
In base 15, what is -2 + -42a?
-42c
In base 15, what is -1 + -31?
-32
In base 9, what is 23 + -356?
-333
In base 9, what is 3177 - 3?
3174
In base 10, what is -2 - -259?
257
In base 9, what is -28 - -5?
-23
In base 15, what is -5 + 427?
422
In base 3, what is -120100 - 1?
-120101
In base 8, what is -1 - -66?
65
In base 10, what is 1 - 1137?
-1136
In base 4, what is -12033 + 11?
-12